e remainder when 311500 is divided by 606?
16
Calculate the remainder when 83420 is divided by 71.
66
What is the remainder when 9 is divided by 5?
4
Calculate the remainder when 44279 is divided by 246.
245
What is the remainder when 179477 is divided by 1890?
1817
Calculate the remainder when 1169 is divided by 51.
47
Calculate the remainder when 125813 is divided by 397.
361
Calculate the remainder when 37189 is divided by 1005.
4
What is the remainder when 81777 is divided by 154?
3
Calculate the remainder when 5548 is divided by 1353.
136
Calculate the remainder when 1202 is divided by 285.
62
What is the remainder when 971 is divided by 69?
5
Calculate the remainder when 2097 is divided by 171.
45
What is the remainder when 205161 is divided by 6?
3
Calculate the remainder when 79899 is divided by 13.
1
What is the remainder when 9384 is divided by 268?
4
What is the remainder when 156209 is divided by 12?
5
Calculate the remainder when 15240 is divided by 412.
408
Calculate the remainder when 147529 is divided by 21075.
4
Calculate the remainder when 4153 is divided by 2008.
137
What is the remainder when 1296 is divided by 247?
61
What is the remainder when 2476 is divided by 854?
768
What is the remainder when 3255 is divided by 646?
25
What is the remainder when 10225 is divided by 5110?
5
Calculate the remainder when 847968 is divided by 887.
883
Calculate the remainder when 2440 is divided by 1199.
42
Calculate the remainder when 2784 is divided by 123.
78
What is the remainder when 43548 is divided by 66?
54
What is the remainder when 384 is divided by 349?
35
What is the remainder when 33236 is divided by 1846?
8
What is the remainder when 15482 is divided by 5?
2
What is the remainder when 5273 is divided by 56?
9
What is the remainder when 2212 is divided by 761?
690
What is the remainder when 171965 is divided by 51?
44
What is the remainder when 2659 is divided by 83?
3
Calculate the remainder when 119283 is divided by 4.
3
Calculate the remainder when 162805 is divided by 433.
430
What is the remainder when 628510 is divided by 1500?
10
Calculate the remainder when 4102 is divided by 4089.
13
Calculate the remainder when 244520 is divided by 439.
436
Calculate the remainder when 162531 is divided by 206.
203
Calculate the remainder when 7103 is divided by 3544.
15
Calculate the remainder when 39501 is divided by 141.
21
What is the remainder when 2119 is divided by 326?
163
Calculate the remainder when 312130 is divided by 47.
3
Calculate the remainder when 3841 is divided by 364.
201
What is the remainder when 46363 is divided by 199?
195
What is the remainder when 86931 is divided by 470?
451
What is the remainder when 177692 is divided by 98?
18
What is the remainder when 4260 is divided by 1390?
90
Calculate the remainder when 1266 is divided by 372.
150
Calculate the remainder when 5469 is divided by 781.
2
Calculate the remainder when 8224 is divided by 153.
115
Calculate the remainder when 22702 is divided by 528.
526
What is the remainder when 100862 is divided by 33617?
11
Calculate the remainder when 3644 is divided by 16.
12
Calculate the remainder when 99370 is divided by 99358.
12
Calculate the remainder when 9461 is divided by 135.
11
What is the remainder when 112285 is divided by 11228?
5
What is the remainder when 47575 is divided by 19?
18
What is the remainder when 5480 is divided by 2715?
50
What is the remainder when 33556 is divided by 11?
6
What is the remainder when 54491 is divided by 3883?
129
What is the remainder when 117038 is divided by 190?
188
What is the remainder when 157919 is divided by 210?
209
Calculate the remainder when 5199 is divided by 5174.
25
Calculate the remainder when 5430620 is divided by 46.
44
What is the remainder when 5887 is divided by 1603?
1078
Calculate the remainder when 526170 is divided by 65.
60
What is the remainder when 7782 is divided by 269?
250
Calculate the remainder when 219 is divided by 108.
3
What is the remainder when 4348 is divided by 73?
41
Calculate the remainder when 261 is divided by 207.
54
Calculate the remainder when 3683 is divided by 888.
131
Calculate the remainder when 7277 is divided by 900.
77
What is the remainder when 8441 is divided by 247?
43
What is the remainder when 23550 is divided by 35?
30
Calculate the remainder when 4244 is divided by 194.
170
Calculate the remainder when 4348 is divided by 2166.
16
Calculate the remainder when 36649 is divided by 36579.
70
Calculate the remainder when 2751 is divided by 1344.
63
Calculate the remainder when 3150 is divided by 54.
18
What is the remainder when 6245 is divided by 274?
217
Calculate the remainder when 2407354 is divided by 1821.
1813
What is the remainder when 24232 is divided by 539?
516
What is the remainder when 1383 is divided by 273?
18
Calculate the remainder when 2665 is divided by 875.
40
Calculate the remainder when 72892 is divided by 36432.
28
Calculate the remainder when 191663 is divided by 8710.
43
Calculate the remainder when 20019 is divided by 15.
9
Calculate the remainder when 5811 is divided by 1044.
591
Calculate the remainder when 96420 is divided by 29.
24
Calculate the remainder when 9520289 is divided by 19.
16
Calculate the remainder when 50776 is divided by 441.
61
What is the remainder when 33923 is divided by 1061?
1032
What is the remainder when 2314453 is divided by 83?
81
What is the remainder when 254163 is divided by 148?
47
What is the remainder when 217583 is divided by 471?
452
What is the remainder when 1030 is divided by 143?
29
What is the remainder when 37650 is divided by 23?
22
Calculate the remainder when 4029 is divided by 15.
9
What is the remainder when 120233 is divided by 1603?
8
What is the remainder when 2245 is divided by 178?
109
Calculate the remainder when 556628 is divided by 15.
8
Calculate the remainder when 819 is divided by 109.
56
Calculate the remainder when 160 is divided by 105.
55
What is the remainder when 60141 is divided by 1037?
1032
Calculate the remainder when 170542 is divided by 11.
9
What is the remainder when 139619 is divided by 14?
11
What is the remainder when 50728 is divided by 127?
55
What is the remainder when 295 is divided by 123?
49
What is the remainder when 3365 is divided by 1145?
1075
Calculate the remainder when 3352 is divided by 39.
37
Calculate the remainder when 318207 is divided by 44.
43
Calculate the remainder when 2822 is divided by 642.
254
Calculate the remainder when 91109 is divided by 2678.
57
What is the remainder when 14953 is divided by 934?
9
What is the remainder when 5685 is divided by 1100?
185
Calculate the remainder when 137125 is divided by 17.
3
Calculate the remainder when 4863 is divided by 1380.
723
What is the remainder when 10052 is divided by 1115?
17
What is the remainder when 883 is divided by 709?
174
Calculate the remainder when 37312 is divided by 491.
487
Calculate the remainder when 412229 is divided by 32.
5
Calculate the remainder when 26085 is divided by 117.
111
Calculate the remainder when 810 is divided by 92.
74
Calculate the remainder when 959 is divided by 312.
23
What is the remainder when 3200 is divided by 278?
142
Calculate the remainder when 17183 is divided by 409.
5
Calculate the remainder when 23042 is divided by 67.
61
Calculate the remainder when 316066 is divided by 1470.
16
Calculate the remainder when 30601 is divided by 241.
235
What is the remainder when 2840124 is divided by 25?
24
What is the remainder when 43 is divided by 29?
14
Calculate the remainder when 1252858 is divided by 208809.
4
Calculate the remainder when 808 is divided by 198.
16
Calculate the remainder when 7169 is divided by 306.
131
Calculate the remainder when 12185 is divided by 312.
17
What is the remainder when 243576 is divided by 796?
0
What is the remainder when 14764 is divided by 510?
484
What is the remainder when 534245 is divided by 104?
101
Calculate the remainder when 345 is divided by 198.
147
What is the remainder when 5022 is divided by 419?
413
Calculate the remainder when 566292 is divided by 1144.
12
What is the remainder when 712 is divided by 433?
279
Calculate the remainder when 57169 is divided by 628.
21
What is the remainder when 53